e remainder when 1116122 is divided by 48527?
1
Calculate the remainder when 779651 is divided by 19.
5
Calculate the remainder when 185577393 is divided by 8837018.
15
What is the remainder when 886918 is divided by 310?
8
Calculate the remainder when 3993191 is divided by 1512.
1511
Calculate the remainder when 8981 is divided by 1594.
1011
Calculate the remainder when 6912 is divided by 1512.
864
Calculate the remainder when 47225 is divided by 685.
645
What is the remainder when 61344334 is divided by 1495?
1494
What is the remainder when 1472162 is divided by 10?
2
Calculate the remainder when 5754727 is divided by 391.
380
What is the remainder when 1162728 is divided by 290603?
316
Calculate the remainder when 262101 is divided by 420.
21
Calculate the remainder when 19949 is divided by 2575.
1924
Calculate the remainder when 8744892 is divided by 428.
424
Calculate the remainder when 229675 is divided by 360.
355
Calculate the remainder when 10087973 is divided by 885.
743
What is the remainder when 1092399 is divided by 1091413?
986
What is the remainder when 596355 is divided by 196957?
5484
Calculate the remainder when 6446990 is divided by 358165.
20
What is the remainder when 83203 is divided by 1098?
853
Calculate the remainder when 1675588 is divided by 335101.
83
Calculate the remainder when 1678801 is divided by 2174.
473
Calculate the remainder when 29213860 is divided by 7.
4
What is the remainder when 85802 is divided by 461?
56
Calculate the remainder when 62853002 is divided by 25550.
2
Calculate the remainder when 8377218 is divided by 161.
66
What is the remainder when 54014 is divided by 1284?
86
What is the remainder when 2695779 is divided by 6?
3
Calculate the remainder when 5149906 is divided by 9.
7
Calculate the remainder when 34247 is divided by 163.
17
What is the remainder when 143293 is divided by 5704?
693
Calculate the remainder when 892468 is divided by 11.
5
What is the remainder when 1793216 is divided by 2332?
2240
What is the remainder when 1107267 is divided by 276755?
247
Calculate the remainder when 562290 is divided by 14786.
422
What is the remainder when 18107101 is divided by 13950?
1
Calculate the remainder when 18857592 is divided by 2413.
2410
What is the remainder when 11631867 is divided by 954?
699
Calculate the remainder when 90693 is divided by 12899.
400
Calculate the remainder when 115310157 is divided by 126.
123
Calculate the remainder when 124397 is divided by 31053.
185
What is the remainder when 33958500 is divided by 2764?
2760
Calculate the remainder when 2875979 is divided by 2875978.
1
What is the remainder when 1885889 is divided by 6503?
19
Calculate the remainder when 12192 is divided by 837.
474
What is the remainder when 4655400 is divided by 9443?
1
Calculate the remainder when 7306171 is divided by 267.
250
What is the remainder when 9750678 is divided by 4875318?
42
What is the remainder when 21314264 is divided by 31?
28
Calculate the remainder when 40683750 is divided by 40683747.
3
Calculate the remainder when 1193578 is divided by 71.
68
Calculate the remainder when 26608373 is divided by 1936.
1925
What is the remainder when 13001095 is divided by 99?
19
Calculate the remainder when 6927519 is divided by 50.
19
Calculate the remainder when 45617 is divided by 45122.
495
Calculate the remainder when 587165 is divided by 34537.
36
Calculate the remainder when 76843 is divided by 8502.
325
Calculate the remainder when 12565268 is divided by 223.
110
Calculate the remainder when 907753 is divided by 5975.
5528
Calculate the remainder when 8119 is divided by 5906.
2213
What is the remainder when 212272 is divided by 7934?
5988
Calculate the remainder when 22123848 is divided by 70.
68
Calculate the remainder when 523109 is divided by 4283.
583
Calculate the remainder when 536750 is divided by 38336.
46
What is the remainder when 642461 is divided by 790?
191
What is the remainder when 91167230 is divided by 5533?
5522
What is the remainder when 1329691 is divided by 1916?
1903
Calculate the remainder when 10183063 is divided by 339435.
13
What is the remainder when 3865156 is divided by 7433?
7429
Calculate the remainder when 118300 is divided by 4529.
546
What is the remainder when 610978855 is divided by 89?
85
What is the remainder when 28015 is divided by 3615?
2710
Calculate the remainder when 6430899 is divided by 803862.
3
Calculate the remainder when 369342 is divided by 115.
77
Calculate the remainder when 105693 is divided by 52509.
675
Calculate the remainder when 3198523 is divided by 5722.
5647
Calculate the remainder when 32513195 is divided by 2501015.
0
What is the remainder when 1545635 is divided by 2224?
2179
What is the remainder when 7064851 is divided by 7064844?
7
Calculate the remainder when 2579264 is divided by 52638.
2
What is the remainder when 386749 is divided by 128844?
217
What is the remainder when 143566 is divided by 23923?
28
Calculate the remainder when 1249150 is divided by 1465.
970
Calculate the remainder when 78325147 is divided by 19581285.
7
Calculate the remainder when 2114412 is divided by 453.
261
Calculate the remainder when 280509 is divided by 162.
87
What is the remainder when 1028287 is divided by 1460?
447
Calculate the remainder when 1850793 is divided by 48.
9
What is the remainder when 2788814 is divided by 13093?
5
What is the remainder when 2925801 is divided by 97?
87
Calculate the remainder when 19234570 is divided by 164.
158
What is the remainder when 3670437 is divided by 60?
57
What is the remainder when 66450228 is divided by 33225104?
20
What is the remainder when 8937297 is divided by 620?
617
Calculate the remainder when 45086 is divided by 2284.
1690
Calculate the remainder when 7245603 is divided by 741.
105
What is the remainder when 200443 is divided by 184?
67
What is the remainder when 39704 is divided by 1469?
41
What is the remainder when 3421942 is divided by 24?
22
Calculate the remainder when 17971700 is divided by 691218.
32
What is the remainder when 551012 is divided by 12052?
8672
Calculate the remainder when 5889171 is divided by 490740.
291
What is the remainder when 65399 is divided by 629?
612
Calculate the remainder when 2043773 is divided by 1021880.
13
What is the remainder when 737739 is divided by 61228?
3003
Calculate the remainder when 3279170 is divided by 1093037.
59
Calculate the remainder when 690576 is divided by 690386.
190
What is the remainder when 98725 is divided by 2144?
101
What is the remainder when 723338 is divided by 32879?
0
What is the remainder when 150811769 is divided by 50270586?
11
Calculate the remainder when 1316159 is divided by 31.
23
Calculate the remainder when 1978739 is divided by 13.
9
What is the remainder when 721202 is divided by 107?
22
Calculate the remainder when 278037 is divided by 55603.
22
Calculate the remainder when 12825358 is divided by 56.
14
Calculate the remainder when 3177038 is divided by 1588352.
334
Calculate the remainder when 149672697 is divided by 6033.
0
What is the remainder when 161625 is divided by 161336?
289
Calculate the remainder when 8326954 is divided by 50774.
18
Calculate the remainder when 28179592 is divided by 776.
704
What is the remainder when 743364 is divided by 3218?
6
Calculate the remainder when 570391 is divided by 1960.
31
Calculate the remainder when 1015126 is divided by 1158.
718
Calculate the remainder when 364959 is divided by 52131.
42
What is the remainder when 10721732 is divided by 683?
681
Calculate the remainder when 41968037 is divided by 21.
20
What is the remainder when 8140265 is divided by 3328?
3305
Calculate the remainder when 114840 is divided by 226.
32
Calculate the remainder when 359765 is divided by 2856.
2765
Calculate the remainder when 11927652 is divided by 409.
394
What is the remainder when 161887 is divided by 4761?
13
What is the remainder when 4113068 is divided by 420?
8
Calculate the remainder when 85405569 is divided by 134.
133
Calculate the remainder when 660707 is divided by 8.
3
Calculate the remainder when 39655374 is divided by 39655369.
5
Calculate the remainder when 34886 is divided by 2471.
292
Calculate the remainder when 24896 is divided by 23090.
